Is 19274021651 a prime number?
True
Is 9041764453 prime?
False
Is 1230009773 prime?
True
Is 5481168611 prime?
False
Is 404336147 a prime number?
False
Is 4348927811 a prime number?
False
Is 3195790319 a prime number?
False
Is 3015221767 a prime number?
True
Is 204479011 composite?
True
Is 15287180081 composite?
True
Is 3229761389 a prime number?
True
Is 575503961 composite?
True
Is 523115017 a prime number?
True
Is 10694456753 prime?
True
Is 16880081 a prime number?
True
Is 11306284399 a prime number?
True
Is 496893233 prime?
True
Is 3451394341 a prime number?
False
Is 22180377007 a prime number?
False
Is 27365597977 composite?
True
Is 242000749 a composite number?
False
Is 47579607601 composite?
True
Is 847099691 composite?
False
Is 59987639149 a prime number?
False
Is 143008001 prime?
False
Is 133812205577 composite?
False
Is 558349681 a composite number?
False
Is 2217762191 a prime number?
True
Is 6130549253 a composite number?
True
Is 41679497723 prime?
True
Is 38984700431 prime?
False
Is 655057537 composite?
True
Is 18057802739 composite?
False
Is 9034901731 composite?
False
Is 33399204557 a prime number?
False
Is 329361628813 a prime number?
False
Is 1050155629 a prime number?
True
Is 1347254621 a composite number?
False
Is 13282229521 composite?
True
Is 14880220721 composite?
False
Is 17423002459 prime?
True
Is 122841978929 prime?
True
Is 14201733263 composite?
True
Is 902594437 composite?
False
Is 146863019 a prime number?
False
Is 577447697 a composite number?
False
Is 7921588897 a prime number?
False
Is 327596989 a composite number?
True
Is 989089753 a prime number?
True
Is 198199586077 prime?
False
Is 51576163 a prime number?
True
Is 2024064233 prime?
True
Is 1213428659 a composite number?
True
Is 558082001 composite?
True
Is 46504669303 prime?
False
Is 35464666577 prime?
True
Is 1620270083 a composite number?
True
Is 916119293 a prime number?
False
Is 105675781 composite?
False
Is 10965693363 a composite number?
True
Is 732729973 a composite number?
True
Is 9577785379 composite?
False
Is 134251519 prime?
False
Is 18841762673 composite?
True
Is 335997887 prime?
False
Is 4858530199 prime?
False
Is 50075518561 a composite number?
True
Is 3164924687 prime?
False
Is 174596791 prime?
False
Is 9018268727 prime?
False
Is 1272850913 prime?
True
Is 3805683743 a prime number?
False
Is 19557067 a prime number?
False
Is 22515299563 composite?
True
Is 2941659949 composite?
False
Is 33459590707 a prime number?
True
Is 991722899 composite?
False
Is 3602705693 prime?
False
Is 22002569959 prime?
False
Is 24207450257 a prime number?
True
Is 42137375483 a prime number?
False
Is 1139186119 a composite number?
False
Is 352423387 composite?
True
Is 3012057287 a composite number?
True
Is 1089222683 a prime number?
False
Is 2721358061 a composite number?
False
Is 92221561073 composite?
False
Is 91397693 a prime number?
True
Is 15904492183 a composite number?
False
Is 905104093 a prime number?
True
Is 152585831 composite?
True
Is 5578230569 composite?
False
Is 1519964557 a composite number?
True
Is 721094317 a prime number?
False
Is 6815044139 prime?
False
Is 3213288011 a composite number?
False
Is 15543136682 prime?
False
Is 8047031659 a prime number?
True
Is 1863759883 prime?
False
Is 126474809 a prime number?
True
Is 5464311467 prime?
True
Is 219012931 a composite number?
False
Is 2329741439 prime?
True
Is 1209383633 a composite number?
True
Is 23016224359 composite?
True
Is 4512441793 a prime number?
True
Is 3351430913 a composite number?
False
Is 58442143649 composite?
False
Is 13985304557 a composite number?
True
Is 504354899 a composite number?
True
Is 2025593771 prime?
True
Is 37594878509 a composite number?
True
Is 74268161 composite?
True
Is 318060929 a composite number?
True
Is 8169289501 composite?
True
Is 671009563 prime?
False
Is 22628422361 a prime number?
False
Is 1206075259 a composite number?
False
Is 3589306907 composite?
False
Is 431691123 prime?
False
Is 14892316967 prime?
False
Is 305742873 prime?
False
Is 2172540257 composite?
False
Is 1611095977 prime?
True
Is 1131897002 prime?
False
Is 278683631 composite?
False
Is 5667094663 composite?
False
Is 770936037 composite?
True
Is 1413175723 a composite number?
False
Is 38003768281 composite?
True
Is 4905193135 composite?
True
Is 85354567757 prime?
False
Is 441240589 prime?
False
Is 6073929613 prime?
False
Is 1498587989 a prime number?
False
Is 15388259737 composite?
False
Is 190992453193 a prime number?
False
Is 1019157913 a prime number?
False
Is 78017130242 prime?
False
Is 33270062927 a composite number?
False
Is 330331787 composite?
False
Is 795505577 composite?
True
Is 103755287 a prime number?
True
Is 7251506377 a prime number?
True
Is 3755203141 prime?
False
Is 272647861 composite?
True
Is 95838863 prime?
True
Is 50851763 composite?
True
Is 11748239929 a prime number?
False
Is 300095921 a prime number?
False
Is 1432051 prime?
False
Is 109943497 a prime number?
True
Is 278242259 prime?
True
Is 298680097 a prime number?
False
Is 22493565935 a prime number?
False
Is 1155431983 composite?
False
Is 2655680843 a composite number?
False
Is 2218977487 a prime number?
True
Is 957298471 composite?
True
Is 32046994561 a composite number?
True
Is 11708969 a composite number?
True
Is 5162122439 composite?
False
Is 1885439797 prime?
False
Is 699082897 prime?
True
Is 2495321359 prime?
False
Is 4165796623 prime?
False
Is 34957198819 composite?
False
Is 78875351 a composite number?
False
Is 1701458351 a composite number?
False
Is 20850034519 composite?
False
Is 616730167 prime?
True
Is 1029157391 a prime number?
False
Is 1057488521 composite?
True
Is 13735454253 a prime number?
False
Is 258936577 prime?
True
Is 33358925433 a prime number?
False
Is 1146783509 a composite number?
False
Is 50430333721 composite?
True
Is 279323941697 a prime number?
True
Is 1128013777 a composite number?
True
Is 409902949 prime?
True
Is 1297521677 a composite number?
False
Is 333886403 a composite number?
False
Is 82909503881 prime?
False
Is 425532433 a prime number?
False
Is 11164825321 a prime number?
False
Is 17684875231 composite?
True
Is 81740767 a prime number?
False
Is 796151761 a composite number?
True
Is 5605359479 a composite number?
True
Is 166415128123 prime?
True
Is 461718331 a composite number?
False
Is 7139790959 a composite number?
True
Is 1044435787 a prime number?
False
Is 1521249959 composite?
False
Is 48368892607 a composite number?
True
Is 139084541597 composite?
False
Is 14744402194 prime?
False
Is 24567574813 prime?
True
Is 28358600659 a composite number?
True
Is 78807309509 prime?
True
Is 106442879 a composite number?
True
Is 2669482657 prime?
True
Is 7468049815 a composite number?
True
Is 214299247577 a composite number?
False
Is 358566717 prime?
False
Is 1164572347 composite?
True
Is 6870463 composite?
True
Is 11655695 a prime number?
False
Is 1048637581 a composite number?
False
Is 739266797 a composite number?
False
Is 8399064169 a prime number?
False
Is 361813919 a prime number?
True
Is 8196524641 a prime number?
False
Is 754459919 prime?
False
Is 314825143 a prime number?
True
Is 139924501 a prime number?
False
Is 39064671523 prime?
True
Is 11743466194 a prime number?
False
Is 105284917 prime?
True
Is 1533832253 composite?
False
Is 13241490359 a composite number?
False
Is 12965052143 a prime number?
True
Is 25500735451 prime?
True
Is 6191217647 a prime number?
False
Is 79500579223 composite?
True
Is 32232063911 a prime number?
False
Is 2085771073 a composite number?
True
Is 10908936691 prime?
True
Is 2153318201 composite?
False
Is 4984763879 a prime number?
False
Is 378777349 a prime number?
True
Is 76053805481 a composite number?
False
Is 777600029 a prime number?
False
Is 1378574633 composite?
False
Is 4440881567 a prime number?
True
Is 1344531191 a prime number?
False
Is 125702441 composite?
True
Is 100415511611 a composite number?
True
Is 2165627423 prime?
True
Is 5271649511 prime?
True
Is 10704901469 composite?
True
Is 6164914865 a prime number?
False
Is 93386154115 composite?
True
Is 1477341841 a composite number?
True
Is 3700146433 composite?
False
Is 613477049 prime?
False
Is 7306930105 composite?
True
Is 72894487379 prime?
False
Is 39502458601 a prime number?
True
Is 169221847